ands digit of 201489?
1
What is the millions digit of 3715734?
3
What is the hundreds digit of 420432?
4
What is the hundred thousands digit of 9813701?
8
What is the hundreds digit of 1078650?
6
What is the hundreds digit of 287489?
4
What is the tens digit of 1784799?
9
What is the units digit of 8197451?
1
What is the thousands digit of 25537?
5
What is the millions digit of 2340430?
2
What is the tens digit of 20113906?
0
What is the units digit of 935604?
4
What is the hundreds digit of 4444694?
6
What is the thousands digit of 95202?
5
What is the tens digit of 171720?
2
What is the millions digit of 5842704?
5
What is the tens digit of 79?
7
What is the hundred thousands digit of 109994?
1
What is the hundreds digit of 149183?
1
What is the hundreds digit of 594243?
2
What is the ten thousands digit of 420808?
2
What is the tens digit of 3084845?
4
What is the ten thousands digit of 44522?
4
What is the ten thousands digit of 593167?
9
What is the hundred thousands digit of 5623088?
6
What is the units digit of 10802809?
9
What is the thousands digit of 1673115?
3
What is the hundred thousands digit of 310452?
3
What is the units digit of 202128?
8
What is the units digit of 8489266?
6
What is the thousands digit of 7351329?
1
What is the thousands digit of 164599?
4
What is the ten thousands digit of 430219?
3
What is the thousands digit of 236989?
6
What is the millions digit of 10097466?
0
What is the tens digit of 672002?
0
What is the hundreds digit of 848197?
1
What is the units digit of 108363?
3
What is the hundred thousands digit of 158075?
1
What is the units digit of 515834?
4
What is the thousands digit of 547955?
7
What is the thousands digit of 246896?
6
What is the ten thousands digit of 2033714?
3
What is the tens digit of 869079?
7
What is the hundreds digit of 1791897?
8
What is the tens digit of 14575?
7
What is the thousands digit of 3131651?
1
What is the hundreds digit of 8256622?
6
What is the hundred thousands digit of 29683577?
6
What is the ten thousands digit of 172185?
7
What is the ten thousands digit of 137890?
3
What is the hundreds digit of 223647?
6
What is the hundreds digit of 4127234?
2
What is the thousands digit of 111556?
1
What is the hundred thousands digit of 149766?
1
What is the hundreds digit of 7592851?
8
What is the ten thousands digit of 343069?
4
What is the units digit of 63253?
3
What is the units digit of 1757711?
1
What is the millions digit of 2616689?
2
What is the units digit of 212766?
6
What is the hundred thousands digit of 1156104?
1
What is the units digit of 698830?
0
What is the tens digit of 8819085?
8
What is the thousands digit of 8781875?
1
What is the hundreds digit of 202931?
9
What is the hundred thousands digit of 2153410?
1
What is the hundred thousands digit of 223069?
2
What is the units digit of 82117?
7
What is the hundred thousands digit of 32047414?
0
What is the ten thousands digit of 1488202?
8
What is the millions digit of 1127629?
1
What is the units digit of 1178603?
3
What is the ten thousands digit of 316319?
1
What is the millions digit of 5854430?
5
What is the hundreds digit of 12414?
4
What is the hundred thousands digit of 158540?
1
What is the units digit of 1225510?
0
What is the hundred thousands digit of 192125?
1
What is the hundreds digit of 9904729?
7
What is the hundred thousands digit of 17051325?
0
What is the ten thousands digit of 2477286?
7
What is the hundreds digit of 3465537?
5
What is the units digit of 415067?
7
What is the hundred thousands digit of 234484?
2
What is the hundred thousands digit of 3760046?
7
What is the ten thousands digit of 12168942?
6
What is the thousands digit of 890508?
0
What is the hundreds digit of 3126878?
8
What is the tens digit of 10642560?
6
What is the hundred thousands digit of 18685784?
6
What is the units digit of 3054998?
8
What is the hundreds digit of 693265?
2
What is the ten thousands digit of 3769297?
6
What is the units digit of 13093453?
3
What is the thousands digit of 226101?
6
What is the hundreds digit of 494430?
4
What is the hundreds digit of 10396265?
2
What is the tens digit of 20860097?
9
What is the thousands digit of 301267?
1
What is the tens digit of 2148685?
8
What is the tens digit of 27199125?
2
What is the hundreds digit of 43574521?
5
What is the hundred thousands digit of 3465843?
4
What is the thousands digit of 195964?
5
What is the ten thousands digit of 19647014?
4
What is the ten thousands digit of 39083?
3
What is the tens digit of 12596435?
3
What is the units digit of 1154080?
0
What is the thousands digit of 374999?
4
What is the thousands digit of 76524?
6
What is the hundreds digit of 16748103?
1
What is the hundreds digit of 113787?
7
What is the hundreds digit of 117555?
5
What is the units digit of 2985498?
8
What is the tens digit of 130580?
8
What is the ten thousands digit of 922301?
2
What is the units digit of 12842109?
9
What is the units digit of 1550712?
2
What is the ten millions digit of 13523013?
1
What is the units digit of 156835?
5
What is the hundreds digit of 498657?
6
What is the hundred thousands digit of 123691?
1
What is the hundreds digit of 3754872?
8
What is the hundreds digit of 19311?
3
What is the ten thousands digit of 5431590?
3
What is the hundred thousands digit of 3040695?
0
What is the units digit of 208696?
6
What is the thousands digit of 19262585?
2
What is the ten thousands digit of 12215155?
1
What is the ten thousands digit of 3595935?
9
What is the ten thousands digit of 380222?
8
What is the thousands digit of 1528869?
8
What is the ten millions digit of 11220045?
1
What is the units digit of 1850?
0
What is the tens digit of 5494?
9
What is the thousands digit of 4734584?
4
What is the units digit of 174232?
2
What is the hundred thousands digit of 107680?
1
What is the thousands digit of 854720?
4
What is the ten thousands digit of 1512359?
1
What is the ten thousands digit of 71210?
7
What is the ten thousands digit of 728897?
2
What is the tens digit of 3179648?
4
What is the hundred thousands digit of 973678?
9
What is the units digit of 3995908?
8
What is the hundred thousands digit of 179322?
1
What is the hundreds digit of 250034?
0
What is the units digit of 679615?
5
What is the thousands digit of 1322272?
2
What is the ten thousands digit of 1230343?
3
What is the millions digit of 3949084?
3
What is the ten thousands digit of 161523?
6
What is the thousands digit of 146736?
6
What is the millions digit of 4192557?
4
What is the thousands digit of 764468?
4
What is the thousands digit of 8058021?
8
What is the tens digit of 648177?
7
What is the ten thousands digit of 328431?
2
What is the ten thousands digit of 818712?
1
What is the tens digit of 2134947?
4
What is the tens digit of 2721683?
8
What is the hundreds digit of 8834057?
0
What is the thousands digit of 2970934?
0
What is the tens digit of 8726820?
2
What is the ten thousands digit of 37974717?
7
What is the ten thousands digit of 671143?
7
What is the millions digit of 2104606?
2
What is the hundreds digit of 5064?
0
What is the hundreds digit of 4972820?
8
What is the tens digit of 13024?
2
What is the hundreds digit of 56210?
2
What is the hundreds digit of 711745?
7
What is the hundreds digit of 60081?
0
What is the tens digit of 1309243?
4
What is the hundreds digit of 409352?
3
What is the thousands digit of 38317?
8
What is the ten thousands digit of 20866160?
6
What is the units digit of 1428515?
5
What is the hundred thousands digit of 167526?
1
What is the units digit of 89632?
2
What is the ten thousands digit of 228276?
2
What is the hundreds digit of 439184?
1
What is the thousands digit of 2510780?
0
What is the hundreds digit of 280274?
2
What is the tens digit of 29832?
3
What is the thousands digit of 6964238?
4
What is the ten thousands digit of 118809?
1
What is the tens digit of 22194281?
8
What is the thousands digit of 5701082?
1
What is the hundreds digit of 1018335?
3
What is the hundred thousands digit of 406725?
4
What is the thousands digit of 507286?
7
What is the hundred thousands digit of 620356?
6
What is the thousands digit of 344734?
4
What is the tens digit of 249972?
7
What is the tens digit of 5466948?
